ed by 38?
13
Calculate the remainder when 249 is divided by 9.
6
Calculate the remainder when 89 is divided by 43.
3
Calculate the remainder when 86 is divided by 82.
4
Calculate the remainder when 293 is divided by 33.
29
Calculate the remainder when 903 is divided by 54.
39
What is the remainder when 407 is divided by 17?
16
What is the remainder when 815 is divided by 8?
7
What is the remainder when 917 is divided by 18?
17
What is the remainder when 1158 is divided by 27?
24
Calculate the remainder when 1442 is divided by 37.
36
Calculate the remainder when 747 is divided by 7.
5
Calculate the remainder when 984 is divided by 48.
24
What is the remainder when 1933 is divided by 6?
1
What is the remainder when 147 is divided by 69?
9
Calculate the remainder when 81 is divided by 9.
0
Calculate the remainder when 2885 is divided by 13.
12
What is the remainder when 744 is divided by 371?
2
Calculate the remainder when 525 is divided by 17.
15
What is the remainder when 151 is divided by 76?
75
What is the remainder when 668 is divided by 229?
210
What is the remainder when 765 is divided by 155?
145
Calculate the remainder when 69 is divided by 24.
21
What is the remainder when 350 is divided by 135?
80
Calculate the remainder when 134 is divided by 71.
63
What is the remainder when 1024 is divided by 274?
202
Calculate the remainder when 138 is divided by 24.
18
What is the remainder when 6306 is divided by 2101?
3
Calculate the remainder when 2578 is divided by 21.
16
What is the remainder when 97 is divided by 26?
19
Calculate the remainder when 219 is divided by 111.
108
Calculate the remainder when 3154 is divided by 11.
8
Calculate the remainder when 467 is divided by 78.
77
Calculate the remainder when 42 is divided by 7.
0
Calculate the remainder when 322 is divided by 134.
54
What is the remainder when 352 is divided by 17?
12
What is the remainder when 110 is divided by 20?
10
Calculate the remainder when 85 is divided by 14.
1
Calculate the remainder when 36 is divided by 23.
13
What is the remainder when 265 is divided by 64?
9
What is the remainder when 69 is divided by 11?
3
Calculate the remainder when 1098 is divided by 54.
18
What is the remainder when 1941 is divided by 965?
11
Calculate the remainder when 249 is divided by 18.
15
What is the remainder when 5847 is divided by 117?
114
What is the remainder when 8723 is divided by 12?
11
Calculate the remainder when 586 is divided by 8.
2
Calculate the remainder when 254 is divided by 101.
52
Calculate the remainder when 1610 is divided by 134.
2
What is the remainder when 68 is divided by 8?
4
What is the remainder when 564 is divided by 9?
6
What is the remainder when 30 is divided by 4?
2
What is the remainder when 461 is divided by 12?
5
What is the remainder when 1497 is divided by 75?
72
What is the remainder when 255 is divided by 109?
37
Calculate the remainder when 3855 is divided by 99.
93
Calculate the remainder when 834 is divided by 38.
36
Calculate the remainder when 45 is divided by 19.
7
What is the remainder when 184 is divided by 135?
49
What is the remainder when 56 is divided by 20?
16
Calculate the remainder when 50 is divided by 4.
2
Calculate the remainder when 1292 is divided by 421.
29
Calculate the remainder when 71 is divided by 42.
29
Calculate the remainder when 1449 is divided by 81.
72
What is the remainder when 4972 is divided by 6?
4
Calculate the remainder when 729 is divided by 23.
16
Calculate the remainder when 176 is divided by 36.
32
What is the remainder when 869 is divided by 33?
11
Calculate the remainder when 126 is divided by 48.
30
Calculate the remainder when 402 is divided by 195.
12
Calculate the remainder when 414 is divided by 130.
24
Calculate the remainder when 1048 is divided by 27.
22
Calculate the remainder when 5 is divided by 2.
1
What is the remainder when 238 is divided by 24?
22
Calculate the remainder when 184 is divided by 127.
57
Calculate the remainder when 1260 is divided by 318.
306
Calculate the remainder when 7086 is divided by 13.
1
What is the remainder when 99 is divided by 17?
14
Calculate the remainder when 410 is divided by 46.
42
Calculate the remainder when 236 is divided by 104.
28
Calculate the remainder when 107 is divided by 20.
7
Calculate the remainder when 798 is divided by 100.
98
What is the remainder when 275 is divided by 12?
11
Calculate the remainder when 315 is divided by 97.
24
Calculate the remainder when 179 is divided by 92.
87
What is the remainder when 2593 is divided by 258?
13
What is the remainder when 3318 is divided by 104?
94
What is the remainder when 158 is divided by 48?
14
What is the remainder when 441 is divided by 25?
16
What is the remainder when 825 is divided by 23?
20
Calculate the remainder when 327 is divided by 5.
2
Calculate the remainder when 191 is divided by 35.
16
What is the remainder when 3548 is divided by 25?
23
Calculate the remainder when 882 is divided by 34.
32
What is the remainder when 1615 is divided by 34?
17
Calculate the remainder when 24 is divided by 8.
0
Calculate the remainder when 415 is divided by 205.
5
What is the remainder when 5270 is divided by 293?
289
What is the remainder when 4069 is divided by 42?
37
What is the remainder when 433 is divided by 34?
25
Calculate the remainder when 504 is divided by 113.
52
What is the remainder when 10772 is divided by 24?
20
Calculate the remainder when 135 is divided by 10.
5
What is the remainder when 377 is divided by 98?
83
What is the remainder when 379 is divided by 180?
19
Calculate the remainder when 1022 is divided by 172.
162
Calculate the remainder when 390 is divided by 102.
84
Calculate the remainder when 4359 is divided by 109.
108
What is the remainder when 48 is divided by 10?
8
What is the remainder when 9792 is divided by 59?
57
Calculate the remainder when 351 is divided by 70.
1
What is the remainder when 413 is divided by 38?
33
Calculate the remainder when 1809 is divided by 107.
97
What is the remainder when 88 is divided by 27?
7
What is the remainder when 617 is divided by 123?
2
Calculate the remainder when 388 is divided by 78.
76
Calculate the remainder when 148 is divided by 15.
13
What is the remainder when 288 is divided by 10?
8
Calculate the remainder when 57 is divided by 21.
15
What is the remainder when 543 is divided by 13?
10
What is the remainder when 2115 is divided by 68?
7
Calculate the remainder when 1418 is divided by 238.
228
What is the remainder when 120 is divided by 38?
6
What is the remainder when 142 is divided by 12?
10
Calculate the remainder when 1741 is divided by 83.
81
What is the remainder when 100 is divided by 54?
46
Calculate the remainder when 3359 is divided by 240.
239
Calculate the remainder when 869 is divided by 9.
5
Calculate the remainder when 822 is divided by 395.
32
What is the remainder when 7123 is divided by 137?
136
What is the remainder when 12032 is divided by 191?
190
What is the remainder when 663 is divided by 251?
161
Calculate the remainder when 891 is divided by 69.
63
What is the remainder when 808 is divided by 399?
10
Calculate the remainder when 5665 is divided by 35.
30
What is the remainder when 6952 is divided by 122?
120
What is the remainder when 255 is divided by 132?
123
What is the remainder when 78 is divided by 20?
18
What is the remainder when 10621 is divided by 85?
81
Calculate the remainder when 2365 is divided by 87.
16
Calculate the remainder when 113 is divided by 17.
11
Calculate the remainder when 449 is divided by 12.
5
Calculate the remainder when 18948 is divided by 11.
6
Calculate the remainder when 160 is divided by 75.
10
Calculate the remainder when 149 is divided by 45.
14
What is the remainder when 10191 is divided by 182?
181
Calculate the remainder when 609 is divided by 43.
7
What is the remainder when 6382 is divided by 133?
131
Calculate the remainder when 219 is divided by 20.
19
What is the remainder when 28 is divided by 10?
8
What is the remainder when 559 is divided by 40?
39
Calculate the remainder when 250 is divided by 10.
0
What is the remainder when 304 is divided by 31?
25
Calculate the remainder when 205 is divided by 55.
40
What is the remainder when 544 is